3 - 6*m**2 - 86*m - 829. List the prime factors of b(-8).
5, 29, 67
Suppose y = -4*b + 3*b - 218819, 4*y = -5*b - 1094099. What are the prime factors of b/(-171) + (-2 - (-4)/3)?
1279
Let d be -191*5/(-2 - 3). Suppose -2*x = -37 - d. Suppose -4*t - x + 402 = 0. List the prime factors of t.
2, 3
Suppose 15*h - 8019 - 9411 = 0. Suppose -l + 419 + h = -4*y, 2*y = 6. What are the prime factors of l?
3, 59
Let c be (-10 + 3 + -145)*1. Let v = 1279 + c. List the prime factors of v.
7, 23
Suppose -3*s + 267 = 2*k, 467 = 5*s + 23*k - 27*k. Let d = 4 + -4. Suppose d = 4*m - 5*q - 58, -3*m - s = -8*m - 3*q. What are the prime factors of m?
17
Let b(k) = k**2 - 24*k - 38. Let w be b(26). Let y be 1*(-7)/(w/(-6)). Suppose 622 = 4*a + v, -y*v + 308 = 2*a - 4*v. List the prime factors of a.
5, 31
Let h(s) = 15*s + 18*s + 16*s - 46*s + 29*s. Let d be -2*1/((-2)/7). What are the prime factors of h(d)?
2, 7
Let w = 14759 + -12576. What are the prime factors of w?
37, 59
Let d(m) = -2*m + 17. Let c be d(0). Suppose -2*b + 5*b = -4*i + 38, -c = -2*b - i. List the prime factors of 1086/(-9)*(-9)/b.
181
Let c be 3*1 - 30189/(-29). Suppose 8*d - c = -4*d. What are the prime factors of d?
3, 29
Suppose 5*i - 12*f + 13*f = 1404, -4 = 4*f. What are the prime factors of (-2)/(2/i)*(-135 - -133)?
2, 281
Let u(q) = 15*q**3 + 2*q**2 + 2*q + 1. Let r be (1/4)/(4/(-32)*2). Let o be u(r). Let s = 234 + o. List the prime factors of s.
2, 5, 11
Let s(g) be the second derivative of -16*g + 0 + 13*g**2 + 1/6*g**3. What are the prime factors of s(12)?
2, 19
Let k be (-4162)/18 - 1*(-12)/54. Let i = 212 - k. What are the prime factors of i?
443
Suppose 311*z = 302*z + 1620. Suppose m - 20 = 3*i, 0*i + 4*i = -4*m + 16. Suppose 3*w - m*w = 15, 3*b - 2*w = z. List the prime factors of b.
2, 29
Let q(u) = -u - 28. Let p be q(-24). What are the prime factors of ((-3)/12)/(p/1712)?
107
Suppose -2*d - 4*b = 2, 2*d - 6*d - b - 4 = 0. Let p(c) = -2*c**3 + c**2 - c - 2. Let m be p(d). Suppose m*q = -q + 111. What are the prime factors of q?
37
Suppose -c - 21*r + 1223 = -20*r, 0 = 3*c + r - 3669. What are the prime factors of c?
1223
Suppose -159 = -15*t - 1929. List the prime factors of (0 - 5)*(t - -31).
3, 5, 29
What are the prime factors of ((-44)/(-8) + -3)*38798/95?
1021
Suppose 17*j - 88205 + 29725 = 0. What are the prime factors of j?
2, 5, 43
Let h(c) = -c + 4. Let i be h(2). Suppose 4*k = -4*n, -k + i*k - 4*n + 10 = 0. What are the prime factors of (-32)/(-48)*(-15)/k*15?
3, 5
Let g be 21/(3/1) + -240. List the prime factors of (-108)/9 + 5 - g.
2, 113
Let q(k) = -154*k + 1543. What are the prime factors of q(-34)?
6779
Let t be (1765/10*4)/2. Let b = 1989 - t. List the prime factors of b.
2, 409
Let s(j) = 145*j**2 + 541*j + 22. List the prime factors of s(-16).
2, 14243
Suppose -12*l - 9 + 9 = 0. Suppose l*q - 1190 = -2*q. List the prime factors of q.
5, 7, 17
Suppose 2*l - 354 = -2*n - 0*l, 4*n - l = 693. Let k = -121 + n. Suppose -27 + k = 2*z. List the prime factors of z.
13
Let t(g) = -824*g**3 - 7*g**2 - 48*g - 86. List the prime factors of t(-4).
2, 5, 5273
What are the prime factors of 19*(11 - (-585)/9)?
2, 19
Let b be -5 - (-9 - -11)/((-3)/15). Suppose -3*u = -h - u + 964, -b*u = -h + 976. List the prime factors of h.
2, 239
Let s be 0*(-3 - (-20)/6). Let b be (28/(-6))/(s + 1/(-15)). Suppose b - 410 = -5*x. List the prime factors of x.
2, 17
Let i(y) = y**3 - 27*y**2 - 3*y + 81. Let m be i(27). Suppose m = 5*u - 9*u + 3*h + 1628, 8 = 2*h. List the prime factors of u.
2, 5, 41
Let i = 21372 - 15860. List the prime factors of i.
2, 13, 53
Let q = 86 - 81. Suppose -4*y - 840 = -5*w, -q*y = -w + 90 + 57. Suppose -5*f + 9*f = w. List the prime factors of f.
43
Let r be (2 - 4*3)/(-2). Suppose 8 = -2*h, -s - 15*h - 2 = -12*h. What are the prime factors of 43/2 - r/s?
3, 7
Suppose 6538 = -6051*r + 6052*r. What are the prime factors of r?
2, 7, 467
Suppose -2*n + 48 = -72. Let x = n - 57. Suppose -2*a + 1100 = 5*z, -x*z + 903 = z - 3*a. What are the prime factors of z?
2, 3, 37
Suppose 2*g - 7*g = 2*n - 31, 5*g - n - 22 = 0. Suppose 450 + 495 = g*s. Suppose -2*q - 4*f = -180, 3*q - 85 - s = -2*f. What are the prime factors of q?
2, 23
Let b(c) = 340*c - 5754. List the prime factors of b(79).
2, 61, 173
Let c(v) = -121*v + 452. What are the prime factors of c(-9)?
23, 67
Suppose -23*x = -29*x + 35*x - 168751. What are the prime factors of x?
11, 23
Let r = -138 + 140. Suppose r*t = -6*t + 1240. List the prime factors of t.
5, 31
Let s(y) = -34*y - 6 - y**2 + 5*y**2 - 13 + 2 - y**2. List the prime factors of s(-12).
823
Suppose 91007 - 2816 = 6*a - 144819. List the prime factors of a.
3, 5, 863
Let i = 81463 + -46380. What are the prime factors of i?
35083
Suppose 0 = -349*x + 344*x + 70. Suppose -4446 = -x*f + 13950. What are the prime factors of f?
2, 3, 73
Let q(u) = -u - 4. Let w be q(-7). Suppose -61*c + 1656 = -15*c. Suppose -w*s + 0*s = -3*g + 63, g - c = -2*s. List the prime factors of g.
2, 13
Suppose -118*f + 114*f - 103316 = -3*g, -4*g + 7*f + 137763 = 0. What are the prime factors of g?
2, 269
Let h(i) = 143*i - 405. What are the prime factors of h(37)?
2, 7, 349
Suppose 5*g - 2*g - 4*b = 80, 4*b - 20 = -2*g. Suppose -18 = p - s + g, 3*s + 3 = 0. Let v = -32 - p. What are the prime factors of v?
7
Let z(l) be the third derivative of 3/8*l**4 + 15*l**2 + 0 + 0*l - 22/3*l**3 + 1/120*l**6 + 13/60*l**5. List the prime factors of z(-10).
2, 83
Suppose -137*f + 182*f - 1758870 = 0. List the prime factors of f.
2, 19543
Let d(c) = 1793*c - 3792. What are the prime factors of d(8)?
2, 1319
Let a(j) = 599*j + 28. Let y be a(6). Suppose 15*k - y - 5798 = 0. List the prime factors of k.
2, 157
Let q = -16931 + 30377. List the prime factors of (4/(-6))/((-36)/q).
3, 83
Let o = 23 - -42. Suppose 0 = -10*i - 25 + o. Suppose -k - v = i*v - 20, -4*v = -2*k + 96. List the prime factors of k.
2, 5
Suppose 31*i + 180 = w + 32*i, -5*w = -5*i - 930. What are the prime factors of w?
3, 61
Let m(b) = 11*b**2 + 7*b - 67. Suppose 3*d + 36 = 3*y, -d - 3*y + 27 = -3*d. List the prime factors of m(d).
761
List the prime factors of (-7)/(-49) - (-101580)/28*1.
2, 907
Let f be (-7)/(42/(-12)) + 3507. Suppose -3*j + f = 4*x - 0*x, x - 2*j - 869 = 0. What are the prime factors of x?
5, 7
Let f(t) = t**2 - 13*t + 1. Let m(s) = -s**2 + 6*s - 2. Let n be m(5). Let k(w) = w**3 - 4*w - 1. Let i be k(n). What are the prime factors of f(i)?
3, 5
Suppose -78*s - 13741 + 82747 = -350400. What are the prime factors of s?
19, 283
Suppose -121 = 6*r - 133. Suppose 8*z + 2*a - 3012 = 5*z, 5*a = -r*z + 2019. What are the prime factors of z?
2, 3, 167
What are the prime factors of -1 + 4436 - (-38 - -30)?
3, 1481
Let r(z) = 2 + 19*z**2 - 5*z**3 - 6*z**3 - 4*z**3 - 32*z + 14*z**3. List the prime factors of r(13).
2, 3, 5
Let z = 69 - -597. Let i = z - 427. Suppose 7*t - 181 = i. List the prime factors of t.
2, 3, 5
Let j(i) = 84*i - 110. Let p = -46 - -52. List the prime factors of j(p).
2, 197
List the prime factors of 1520/60*(-13)/(39/(-5166)).
2, 7, 19, 41
Let m = -26750 + 101495. What are the prime factors of m?
3, 5, 11, 151
Let i = 19134 - 7390. What are the prime factors of 1/(((-8)/i)/(-1))?
2, 367
Let j = 38 - 32. Suppose 11*o = 13*o - j. Suppose -w - 1 = 0, -o*r = r - w - 229. List the prime factors of r.
3, 19
Let d(f) be the first derivative of f**4/4 + 20*f**3/3 - f**2/2 + 81*f + 1. What are the prime factors of d(-20)?
101
Let s(f) = 2*f**3 + 22*f**2 - 272. List the prime factors of s(-9).
2, 13
List the prime factors of 75685*3/(-20)*8/(-6).
15137
Suppose 2*k = -2*k + 5*x + 102, 0 = 5*x - 10. Let j be 708/k - (-2)/(-7). Let r = -2 + j. What are the prime factors of r?
23
Suppose 45*p - 18 = 39*p. Suppose -12 = -q - 2*c, 3*q - 3*c - 12 - 6 = 0. Suppose -q*w = -p*w - 35. List the prime factors of w.
7
Suppose 5*z + 23575 = m, 0 = -3*m + 665*z - 663*z + 70699. List the prime factors of m.
3, 5, 1571
Let l(k) = k**2 - 6*k - 4. Let b be l(7). Suppose -2*o - 4*j + 2116 = b*o, 4*o - 1668 = 3*j. Suppose -9*x = -4*x - o. What are the prime factors of x?
2, 3, 7
Let o(z) be the second derivative of 21*z**3 - 11*z**2/2 + 14*z. Let p be o(4). Let u = -257 + p. List the prime factors of u.
2, 59
Suppose -9